{"id":6,"date":"2021-05-15T00:52:46","date_gmt":"2021-05-14T22:52:46","guid":{"rendered":"http:\/\/enquetes.nature-occitanie.org\/inventaires-participatifs\/suivez-lactu\/"},"modified":"2022-12-12T16:25:41","modified_gmt":"2022-12-12T15:25:41","slug":"ressources-pedagogiques","status":"publish","type":"page","link":"https:\/\/enquetes.nature-occitanie.org\/inventaires-participatifs\/ressources-pedagogiques\/","title":{"rendered":"Ressources p\u00e9dagogiques"},"content":{"rendered":"\n<p>Retrouvez ici des fiches d&rsquo;identification pour vous aider \u00e0 reconna\u00eetre les esp\u00e8ces rencontr\u00e9es.<\/p>\n\n\n\n<div class=\"wp-block-columns are-vertically-aligned-top\">\n<div class=\"wp-block-column is-vertically-aligned-top\">\n<div class=\"wp-block-image\"><figure class=\"aligncenter size-full is-resized\"><a href=\"https:\/\/enquetes.nature-occitanie.org\/inventaires-participatifs\/oiseaux\/\"><img loading=\"lazy\" src=\"https:\/\/enquetes.nature-occitanie.org\/tresors-jardins\/wp-content\/uploads\/sites\/5\/2021\/06\/logo_oiseau_200.png\" alt=\"\" class=\"wp-image-259\" width=\"180\" height=\"180\"\/><\/a><figcaption>Oiseaux<\/figcaption><\/figure><\/div>\n\n\n\n<div class=\"wp-block-image\"><figure class=\"aligncenter size-full is-resized\"><a href=\"https:\/\/enquetes.nature-occitanie.org\/inventaires-participatifs\/papillons\/\"><img loading=\"lazy\" src=\"https:\/\/enquetes.nature-occitanie.org\/tresors-jardins\/wp-content\/uploads\/sites\/5\/2021\/06\/logo_papillon_200.png\" alt=\"\" class=\"wp-image-261\" width=\"180\" height=\"180\"\/><\/a><figcaption>Papillons<\/figcaption><\/figure><\/div>\n\n\n\n<div class=\"wp-block-image\"><figure class=\"aligncenter size-large is-resized\"><a href=\"https:\/\/enquetes.nature-occitanie.org\/inventaires-participatifs\/mollusques\/\"><img loading=\"lazy\" src=\"https:\/\/enquetes.nature-occitanie.org\/tresors-jardins\/wp-content\/uploads\/sites\/5\/2021\/06\/logo_escargot_200-e1622567059462.png\" alt=\"\" class=\"wp-image-255\" width=\"180\" height=\"180\"\/><\/a><figcaption>Mollusques<\/figcaption><\/figure><\/div>\n\n\n\n<div class=\"wp-block-image\"><figure class=\"aligncenter size-full is-resized\"><a href=\"https:\/\/enquetes.nature-occitanie.org\/inventaires-participatifs\/reptiles\/\"><img loading=\"lazy\" src=\"https:\/\/enquetes.nature-occitanie.org\/tresors-jardins\/wp-content\/uploads\/sites\/5\/2021\/06\/logo_reptile_200.png\" alt=\"\" class=\"wp-image-262\" width=\"180\" height=\"180\"\/><\/a><figcaption>Reptiles<\/figcaption><\/figure><\/div>\n<\/div>\n\n\n\n<div class=\"wp-block-column is-vertically-aligned-top\">\n<div class=\"wp-block-image\"><figure class=\"aligncenter size-full is-resized\"><a href=\"https:\/\/enquetes.nature-occitanie.org\/inventaires-participatifs\/jardin-vertical\/\"><img loading=\"lazy\" src=\"https:\/\/enquetes.nature-occitanie.org\/tresors-jardins\/wp-content\/uploads\/sites\/5\/2021\/06\/logo_fougere_200.png\" alt=\"\" class=\"wp-image-256\" width=\"180\" height=\"180\"\/><\/a><figcaption>Plantes des murs<\/figcaption><\/figure><\/div>\n\n\n\n<div class=\"wp-block-image is-style-default\"><figure class=\"aligncenter size-full is-resized\"><a href=\"https:\/\/enquetes.nature-occitanie.org\/inventaires-participatifs\/araignees\/\"><img loading=\"lazy\" src=\"https:\/\/enquetes.nature-occitanie.org\/tresors-jardins\/wp-content\/uploads\/sites\/5\/2021\/06\/logo_araignee_200.png\" alt=\"\" class=\"wp-image-253\" width=\"180\" height=\"180\"\/><\/a><figcaption>Araign\u00e9es<\/figcaption><\/figure><\/div>\n\n\n\n<div class=\"wp-block-image\"><figure class=\"aligncenter size-full is-resized\"><a href=\"https:\/\/enquetes.nature-occitanie.org\/inventaires-participatifs\/orchidees\/\"><img loading=\"lazy\" src=\"https:\/\/enquetes.nature-occitanie.org\/tresors-jardins\/wp-content\/uploads\/sites\/5\/2021\/06\/logo_orchis_200.png\" alt=\"\" class=\"wp-image-260\" width=\"180\" height=\"180\"\/><\/a><figcaption>Orchid\u00e9es<\/figcaption><\/figure><\/div>\n\n\n\n<p> <\/p>\n\n\n\n<div class=\"wp-block-image\"><figure class=\"aligncenter size-full is-resized\"><a href=\"https:\/\/enquetes.nature-occitanie.org\/inventaires-participatifs\/ressources-numeriques\/\"><img loading=\"lazy\" src=\"https:\/\/enquetes.nature-occitanie.org\/tresors-jardins\/wp-content\/uploads\/sites\/5\/2021\/08\/loupe-sur-lecran-du-telephone.png\" alt=\"\" class=\"wp-image-589\" width=\"170\" height=\"170\"\/><\/a><figcaption>Ressources num\u00e9riques<\/figcaption><\/figure><\/div>\n<\/div>\n\n\n\n<div class=\"wp-block-column is-vertically-aligned-top\">\n<div class=\"wp-block-image\"><figure class=\"aligncenter size-large is-resized\"><a href=\"https:\/\/enquetes.nature-occitanie.org\/tresors-jardins\/mammiferes\/\"><img loading=\"lazy\" src=\"https:\/\/enquetes.nature-occitanie.org\/tresors-jardins\/wp-content\/uploads\/sites\/5\/2021\/06\/logo_ecureuil_200-e1622567076989.png\" alt=\"\" class=\"wp-image-254\" width=\"180\" height=\"180\"\/><\/a><figcaption>Mammif\u00e8res<\/figcaption><\/figure><\/div>\n\n\n\n<div class=\"wp-block-image\"><figure class=\"aligncenter size-large is-resized\"><a href=\"https:\/\/enquetes.nature-occitanie.org\/inventaires-participatifs\/autres-insectes\/\"><img loading=\"lazy\" src=\"https:\/\/enquetes.nature-occitanie.org\/tresors-jardins\/wp-content\/uploads\/sites\/5\/2021\/06\/logo_mante_200.png\" alt=\"\" class=\"wp-image-258\" width=\"180\" height=\"180\"\/><\/a><figcaption>Autres insectes<\/figcaption><\/figure><\/div>\n\n\n\n<div class=\"wp-block-image\"><figure class=\"aligncenter size-large is-resized\"><a href=\"https:\/\/enquetes.nature-occitanie.org\/inventaires-participatifs\/amphibiens\/\"><img loading=\"lazy\" src=\"https:\/\/enquetes.nature-occitanie.org\/tresors-jardins\/wp-content\/uploads\/sites\/5\/2021\/06\/logo_grenouille_200.png\" alt=\"\" class=\"wp-image-257\" width=\"180\" height=\"180\"\/><\/a><figcaption>Amphibiens<\/figcaption><\/figure><\/div>\n\n\n\n<div class=\"wp-block-image\"><figure class=\"aligncenter size-large is-resized\"><a href=\"https:\/\/enquetes.nature-occitanie.org\/inventaires-participatifs\/ressources-bibliographiques\/\"><img loading=\"lazy\" src=\"https:\/\/enquetes.nature-occitanie.org\/inventaires-participatifs\/wp-content\/uploads\/sites\/6\/2022\/12\/livre-830x1024.png\" alt=\"\" class=\"wp-image-111\" width=\"172\" height=\"211\" srcset=\"https:\/\/enquetes.nature-occitanie.org\/inventaires-participatifs\/wp-content\/uploads\/sites\/6\/2022\/12\/livre-830x1024.png 830w, https:\/\/enquetes.nature-occitanie.org\/inventaires-participatifs\/wp-content\/uploads\/sites\/6\/2022\/12\/livre-243x300.png 243w, https:\/\/enquetes.nature-occitanie.org\/inventaires-participatifs\/wp-content\/uploads\/sites\/6\/2022\/12\/livre-768x948.png 768w, https:\/\/enquetes.nature-occitanie.org\/inventaires-participatifs\/wp-content\/uploads\/sites\/6\/2022\/12\/livre-1245x1536.png 1245w, https:\/\/enquetes.nature-occitanie.org\/inventaires-participatifs\/wp-content\/uploads\/sites\/6\/2022\/12\/livre.png 1426w\" sizes=\"(max-width: 172px) 100vw, 172px\" \/><\/a><figcaption>Ressources bibliographiques<\/figcaption><\/figure><\/div>\n<\/div>\n<\/div>\n","protected":false},"excerpt":{"rendered":"<p>Retrouvez ici des fiches d&rsquo;identification pour vous aider \u00e0 reconna\u00eetre les esp\u00e8ces rencontr\u00e9es.<\/p>\n","protected":false},"author":1,"featured_media":0,"parent":0,"menu_order":0,"comment_status":"closed","ping_status":"closed","template":"page-articles.php","meta":[],"_links":{"self":[{"href":"https:\/\/enquetes.nature-occitanie.org\/inventaires-participatifs\/wp-json\/wp\/v2\/pages\/6"}],"collection":[{"href":"https:\/\/enquetes.nature-occitanie.org\/inventaires-participatifs\/wp-json\/wp\/v2\/pages"}],"about":[{"href":"https:\/\/enquetes.nature-occitanie.org\/inventaires-participatifs\/wp-json\/wp\/v2\/types\/page"}],"author":[{"embeddable":true,"href":"https:\/\/enquetes.nature-occitanie.org\/inventaires-participatifs\/wp-json\/wp\/v2\/users\/1"}],"replies":[{"embeddable":true,"href":"https:\/\/enquetes.nature-occitanie.org\/inventaires-participatifs\/wp-json\/wp\/v2\/comments?post=6"}],"version-history":[{"count":13,"href":"https:\/\/enquetes.nature-occitanie.org\/inventaires-participatifs\/wp-json\/wp\/v2\/pages\/6\/revisions"}],"predecessor-version":[{"id":114,"href":"https:\/\/enquetes.nature-occitanie.org\/inventaires-participatifs\/wp-json\/wp\/v2\/pages\/6\/revisions\/114"}],"wp:attachment":[{"href":"https:\/\/enquetes.nature-occitanie.org\/inventaires-participatifs\/wp-json\/wp\/v2\/media?parent=6"}],"curies":[{"name":"wp","href":"https:\/\/api.w.org\/{rel}","templated":true}]}}