{"id":1013,"date":"2022-08-29T16:48:14","date_gmt":"2022-08-29T14:48:14","guid":{"rendered":"https:\/\/enquetes.nature-occitanie.org\/tresors-jardins\/?page_id=1013"},"modified":"2022-08-29T17:23:31","modified_gmt":"2022-08-29T15:23:31","slug":"decouvrir-son-jardin-en-samusant","status":"publish","type":"page","link":"https:\/\/enquetes.nature-occitanie.org\/tresors-jardins\/decouvrir-son-jardin-en-samusant\/","title":{"rendered":"D\u00e9couvrir son jardin en s&rsquo;amusant"},"content":{"rendered":"\n<ul><li><strong><a href=\"https:\/\/www.vigienature.fr\/fr\/tous-2932\" target=\"_blank\" rel=\"noreferrer noopener\">Programmes Vigie Nature pour tous<\/a><\/strong><\/li><\/ul>\n\n\n\n<ul><li><strong><a href=\"https:\/\/www.vigienature.fr\/fr\/vigie-nature-ecole\" target=\"_blank\" rel=\"noreferrer noopener\">Programmes Vigie Nature \u00e9cole<\/a><\/strong><\/li><\/ul>\n\n\n\n<ul><li><strong><a href=\"https:\/\/www.inaturalist.org\/pages\/seek_app\" target=\"_blank\" rel=\"noreferrer noopener\">Application Seek par iNaturalist<\/a><\/strong><\/li><\/ul>\n\n\n\n<ul><li><strong><a href=\"https:\/\/ecolotheque.montpellier3m.fr\/\" target=\"_blank\" rel=\"noreferrer noopener\">Site de l&rsquo;\u00c9coloth\u00e8que de Montpellier M\u00e9diterran\u00e9e M\u00e9tropole<\/a><\/strong><\/li><\/ul>\n\n\n\n<div style=\"height:100px\" aria-hidden=\"true\" class=\"wp-block-spacer\"><\/div>\n\n\n\n<div class=\"wp-block-buttons\">\n<div class=\"wp-block-button is-style-outline\"><a class=\"wp-block-button__link\" href=\"https:\/\/enquetes.nature-occitanie.org\/tresors-jardins\/3-agir\/\">Retour menu Agir<\/a><\/div>\n<\/div>\n\n\n\n<p><\/p>\n","protected":false},"excerpt":{"rendered":"<p>Programmes Vigie Nature pour tous Programmes Vigie Nature \u00e9cole Application Seek par iNaturalist Site de l&rsquo;\u00c9coloth\u00e8que de Montpellier M\u00e9diterran\u00e9e M\u00e9tropole<\/p>\n","protected":false},"author":2,"featured_media":0,"parent":0,"menu_order":0,"comment_status":"closed","ping_status":"closed","template":"","meta":[],"_links":{"self":[{"href":"https:\/\/enquetes.nature-occitanie.org\/tresors-jardins\/wp-json\/wp\/v2\/pages\/1013"}],"collection":[{"href":"https:\/\/enquetes.nature-occitanie.org\/tresors-jardins\/wp-json\/wp\/v2\/pages"}],"about":[{"href":"https:\/\/enquetes.nature-occitanie.org\/tresors-jardins\/wp-json\/wp\/v2\/types\/page"}],"author":[{"embeddable":true,"href":"https:\/\/enquetes.nature-occitanie.org\/tresors-jardins\/wp-json\/wp\/v2\/users\/2"}],"replies":[{"embeddable":true,"href":"https:\/\/enquetes.nature-occitanie.org\/tresors-jardins\/wp-json\/wp\/v2\/comments?post=1013"}],"version-history":[{"count":7,"href":"https:\/\/enquetes.nature-occitanie.org\/tresors-jardins\/wp-json\/wp\/v2\/pages\/1013\/revisions"}],"predecessor-version":[{"id":1032,"href":"https:\/\/enquetes.nature-occitanie.org\/tresors-jardins\/wp-json\/wp\/v2\/pages\/1013\/revisions\/1032"}],"wp:attachment":[{"href":"https:\/\/enquetes.nature-occitanie.org\/tresors-jardins\/wp-json\/wp\/v2\/media?parent=1013"}],"curies":[{"name":"wp","href":"https:\/\/api.w.org\/{rel}","templated":true}]}}