{"id":122,"date":"2021-05-25T12:23:42","date_gmt":"2021-05-25T10:23:42","guid":{"rendered":"https:\/\/enquetes.nature-occitanie.org\/tresors-jardins\/?page_id=122"},"modified":"2022-08-26T22:29:07","modified_gmt":"2022-08-26T20:29:07","slug":"identifier","status":"publish","type":"page","link":"https:\/\/enquetes.nature-occitanie.org\/tresors-jardins\/identifier\/","title":{"rendered":"M\u00e9diath\u00e8que"},"content":{"rendered":"\n<p>Retrouvez ici des fiches d&rsquo;identification pour vous aider \u00e0 reconna\u00eetre les esp\u00e8ces rencontr\u00e9es.<\/p>\n\n\n\n<div class=\"wp-block-columns are-vertically-aligned-top\">\n<div class=\"wp-block-column is-vertically-aligned-top\">\n<div class=\"wp-block-image\"><figure class=\"aligncenter size-full is-resized\"><a href=\"https:\/\/enquetes.nature-occitanie.org\/tresors-jardins\/oiseaux\/\"><img loading=\"lazy\" src=\"https:\/\/enquetes.nature-occitanie.org\/tresors-jardins\/wp-content\/uploads\/sites\/5\/2021\/06\/logo_oiseau_200.png\" alt=\"\" class=\"wp-image-259\" width=\"180\" height=\"180\" srcset=\"https:\/\/enquetes.nature-occitanie.org\/tresors-jardins\/wp-content\/uploads\/sites\/5\/2021\/06\/logo_oiseau_200.png 200w, https:\/\/enquetes.nature-occitanie.org\/tresors-jardins\/wp-content\/uploads\/sites\/5\/2021\/06\/logo_oiseau_200-150x150.png 150w\" sizes=\"(max-width: 180px) 100vw, 180px\" \/><\/a><figcaption>Oiseaux<\/figcaption><\/figure><\/div>\n\n\n\n<div class=\"wp-block-image\"><figure class=\"aligncenter size-full is-resized\"><a href=\"https:\/\/enquetes.nature-occitanie.org\/tresors-jardins\/papillons\/\"><img loading=\"lazy\" src=\"https:\/\/enquetes.nature-occitanie.org\/tresors-jardins\/wp-content\/uploads\/sites\/5\/2021\/06\/logo_papillon_200.png\" alt=\"\" class=\"wp-image-261\" width=\"180\" height=\"180\" srcset=\"https:\/\/enquetes.nature-occitanie.org\/tresors-jardins\/wp-content\/uploads\/sites\/5\/2021\/06\/logo_papillon_200.png 200w, https:\/\/enquetes.nature-occitanie.org\/tresors-jardins\/wp-content\/uploads\/sites\/5\/2021\/06\/logo_papillon_200-150x150.png 150w\" sizes=\"(max-width: 180px) 100vw, 180px\" \/><\/a><figcaption>Papillons<\/figcaption><\/figure><\/div>\n\n\n\n<div class=\"wp-block-image\"><figure class=\"aligncenter size-large is-resized\"><a href=\"https:\/\/enquetes.nature-occitanie.org\/tresors-jardins\/mollusques\/\"><img loading=\"lazy\" src=\"https:\/\/enquetes.nature-occitanie.org\/tresors-jardins\/wp-content\/uploads\/sites\/5\/2021\/06\/logo_escargot_200-e1622567059462.png\" alt=\"\" class=\"wp-image-255\" width=\"180\" height=\"180\" srcset=\"https:\/\/enquetes.nature-occitanie.org\/tresors-jardins\/wp-content\/uploads\/sites\/5\/2021\/06\/logo_escargot_200-e1622567059462.png 200w, https:\/\/enquetes.nature-occitanie.org\/tresors-jardins\/wp-content\/uploads\/sites\/5\/2021\/06\/logo_escargot_200-e1622567059462-150x150.png 150w\" sizes=\"(max-width: 180px) 100vw, 180px\" \/><\/a><figcaption>Mollusques<\/figcaption><\/figure><\/div>\n\n\n\n<div class=\"wp-block-image\"><figure class=\"aligncenter size-full is-resized\"><a href=\"https:\/\/enquetes.nature-occitanie.org\/tresors-jardins\/reptiles\/\"><img loading=\"lazy\" src=\"https:\/\/enquetes.nature-occitanie.org\/tresors-jardins\/wp-content\/uploads\/sites\/5\/2021\/06\/logo_reptile_200.png\" alt=\"\" class=\"wp-image-262\" width=\"180\" height=\"180\" srcset=\"https:\/\/enquetes.nature-occitanie.org\/tresors-jardins\/wp-content\/uploads\/sites\/5\/2021\/06\/logo_reptile_200.png 200w, https:\/\/enquetes.nature-occitanie.org\/tresors-jardins\/wp-content\/uploads\/sites\/5\/2021\/06\/logo_reptile_200-150x150.png 150w\" sizes=\"(max-width: 180px) 100vw, 180px\" \/><\/a><figcaption>Reptiles<\/figcaption><\/figure><\/div>\n<\/div>\n\n\n\n<div class=\"wp-block-column is-vertically-aligned-top\">\n<div class=\"wp-block-image\"><figure class=\"aligncenter size-full is-resized\"><a href=\"https:\/\/enquetes.nature-occitanie.org\/tresors-jardins\/plantes-des-murs\/\"><img loading=\"lazy\" src=\"https:\/\/enquetes.nature-occitanie.org\/tresors-jardins\/wp-content\/uploads\/sites\/5\/2021\/06\/logo_fougere_200.png\" alt=\"\" class=\"wp-image-256\" width=\"180\" height=\"180\" srcset=\"https:\/\/enquetes.nature-occitanie.org\/tresors-jardins\/wp-content\/uploads\/sites\/5\/2021\/06\/logo_fougere_200.png 200w, https:\/\/enquetes.nature-occitanie.org\/tresors-jardins\/wp-content\/uploads\/sites\/5\/2021\/06\/logo_fougere_200-150x150.png 150w\" sizes=\"(max-width: 180px) 100vw, 180px\" \/><\/a><figcaption>Plantes des murs<\/figcaption><\/figure><\/div>\n\n\n\n<div class=\"wp-block-image is-style-default\"><figure class=\"aligncenter size-full is-resized\"><a href=\"https:\/\/enquetes.nature-occitanie.org\/tresors-jardins\/araignees\/\"><img loading=\"lazy\" src=\"https:\/\/enquetes.nature-occitanie.org\/tresors-jardins\/wp-content\/uploads\/sites\/5\/2021\/06\/logo_araignee_200.png\" alt=\"\" class=\"wp-image-253\" width=\"180\" height=\"180\" srcset=\"https:\/\/enquetes.nature-occitanie.org\/tresors-jardins\/wp-content\/uploads\/sites\/5\/2021\/06\/logo_araignee_200.png 200w, https:\/\/enquetes.nature-occitanie.org\/tresors-jardins\/wp-content\/uploads\/sites\/5\/2021\/06\/logo_araignee_200-150x150.png 150w\" sizes=\"(max-width: 180px) 100vw, 180px\" \/><\/a><figcaption>Araign\u00e9es<\/figcaption><\/figure><\/div>\n\n\n\n<div class=\"wp-block-image\"><figure class=\"aligncenter size-full is-resized\"><a href=\"https:\/\/enquetes.nature-occitanie.org\/tresors-jardins\/orchidees\/\"><img loading=\"lazy\" src=\"https:\/\/enquetes.nature-occitanie.org\/tresors-jardins\/wp-content\/uploads\/sites\/5\/2021\/06\/logo_orchis_200.png\" alt=\"\" class=\"wp-image-260\" width=\"180\" height=\"180\" srcset=\"https:\/\/enquetes.nature-occitanie.org\/tresors-jardins\/wp-content\/uploads\/sites\/5\/2021\/06\/logo_orchis_200.png 200w, https:\/\/enquetes.nature-occitanie.org\/tresors-jardins\/wp-content\/uploads\/sites\/5\/2021\/06\/logo_orchis_200-150x150.png 150w\" sizes=\"(max-width: 180px) 100vw, 180px\" \/><\/a><figcaption>Orchid\u00e9es<\/figcaption><\/figure><\/div>\n\n\n\n<p> <\/p>\n\n\n\n<div class=\"wp-block-image\"><figure class=\"aligncenter size-full is-resized\"><a href=\"https:\/\/enquetes.nature-occitanie.org\/tresors-jardins\/ressources-utiles\/\"><img loading=\"lazy\" src=\"https:\/\/enquetes.nature-occitanie.org\/tresors-jardins\/wp-content\/uploads\/sites\/5\/2021\/08\/loupe-sur-lecran-du-telephone.png\" alt=\"\" class=\"wp-image-589\" width=\"170\" height=\"170\" srcset=\"https:\/\/enquetes.nature-occitanie.org\/tresors-jardins\/wp-content\/uploads\/sites\/5\/2021\/08\/loupe-sur-lecran-du-telephone.png 200w, https:\/\/enquetes.nature-occitanie.org\/tresors-jardins\/wp-content\/uploads\/sites\/5\/2021\/08\/loupe-sur-lecran-du-telephone-150x150.png 150w\" sizes=\"(max-width: 170px) 100vw, 170px\" \/><\/a><figcaption>Ressources num\u00e9riques<\/figcaption><\/figure><\/div>\n<\/div>\n\n\n\n<div class=\"wp-block-column is-vertically-aligned-top\">\n<div class=\"wp-block-image\"><figure class=\"aligncenter size-large is-resized\"><a href=\"https:\/\/enquetes.nature-occitanie.org\/tresors-jardins\/mammiferes\/\"><img loading=\"lazy\" src=\"https:\/\/enquetes.nature-occitanie.org\/tresors-jardins\/wp-content\/uploads\/sites\/5\/2021\/06\/logo_ecureuil_200-e1622567076989.png\" alt=\"\" class=\"wp-image-254\" width=\"180\" height=\"180\" srcset=\"https:\/\/enquetes.nature-occitanie.org\/tresors-jardins\/wp-content\/uploads\/sites\/5\/2021\/06\/logo_ecureuil_200-e1622567076989.png 200w, https:\/\/enquetes.nature-occitanie.org\/tresors-jardins\/wp-content\/uploads\/sites\/5\/2021\/06\/logo_ecureuil_200-e1622567076989-150x150.png 150w\" sizes=\"(max-width: 180px) 100vw, 180px\" \/><\/a><figcaption>Mammif\u00e8res<\/figcaption><\/figure><\/div>\n\n\n\n<div class=\"wp-block-image\"><figure class=\"aligncenter size-large is-resized\"><a href=\"https:\/\/enquetes.nature-occitanie.org\/tresors-jardins\/insectes\/\"><img loading=\"lazy\" src=\"https:\/\/enquetes.nature-occitanie.org\/tresors-jardins\/wp-content\/uploads\/sites\/5\/2021\/06\/logo_mante_200.png\" alt=\"\" class=\"wp-image-258\" width=\"180\" height=\"180\" srcset=\"https:\/\/enquetes.nature-occitanie.org\/tresors-jardins\/wp-content\/uploads\/sites\/5\/2021\/06\/logo_mante_200.png 200w, https:\/\/enquetes.nature-occitanie.org\/tresors-jardins\/wp-content\/uploads\/sites\/5\/2021\/06\/logo_mante_200-150x150.png 150w\" sizes=\"(max-width: 180px) 100vw, 180px\" \/><\/a><figcaption>Autres insectes<\/figcaption><\/figure><\/div>\n\n\n\n<div class=\"wp-block-image\"><figure class=\"aligncenter size-large is-resized\"><a href=\"https:\/\/enquetes.nature-occitanie.org\/tresors-jardins\/amphibiens\/\"><img loading=\"lazy\" src=\"https:\/\/enquetes.nature-occitanie.org\/tresors-jardins\/wp-content\/uploads\/sites\/5\/2021\/06\/logo_grenouille_200.png\" alt=\"\" class=\"wp-image-257\" width=\"180\" height=\"180\" srcset=\"https:\/\/enquetes.nature-occitanie.org\/tresors-jardins\/wp-content\/uploads\/sites\/5\/2021\/06\/logo_grenouille_200.png 200w, https:\/\/enquetes.nature-occitanie.org\/tresors-jardins\/wp-content\/uploads\/sites\/5\/2021\/06\/logo_grenouille_200-150x150.png 150w\" sizes=\"(max-width: 180px) 100vw, 180px\" \/><\/a><figcaption>Amphibiens<\/figcaption><\/figure><\/div>\n<\/div>\n<\/div>\n","protected":false},"excerpt":{"rendered":"<p>Retrouvez ici des fiches d&rsquo;identification pour vous aider \u00e0 reconna\u00eetre les esp\u00e8ces rencontr\u00e9es.<\/p>\n","protected":false},"author":2,"featured_media":0,"parent":0,"menu_order":0,"comment_status":"closed","ping_status":"closed","template":"","meta":[],"_links":{"self":[{"href":"https:\/\/enquetes.nature-occitanie.org\/tresors-jardins\/wp-json\/wp\/v2\/pages\/122"}],"collection":[{"href":"https:\/\/enquetes.nature-occitanie.org\/tresors-jardins\/wp-json\/wp\/v2\/pages"}],"about":[{"href":"https:\/\/enquetes.nature-occitanie.org\/tresors-jardins\/wp-json\/wp\/v2\/types\/page"}],"author":[{"embeddable":true,"href":"https:\/\/enquetes.nature-occitanie.org\/tresors-jardins\/wp-json\/wp\/v2\/users\/2"}],"replies":[{"embeddable":true,"href":"https:\/\/enquetes.nature-occitanie.org\/tresors-jardins\/wp-json\/wp\/v2\/comments?post=122"}],"version-history":[{"count":51,"href":"https:\/\/enquetes.nature-occitanie.org\/tresors-jardins\/wp-json\/wp\/v2\/pages\/122\/revisions"}],"predecessor-version":[{"id":955,"href":"https:\/\/enquetes.nature-occitanie.org\/tresors-jardins\/wp-json\/wp\/v2\/pages\/122\/revisions\/955"}],"wp:attachment":[{"href":"https:\/\/enquetes.nature-occitanie.org\/tresors-jardins\/wp-json\/wp\/v2\/media?parent=122"}],"curies":[{"name":"wp","href":"https:\/\/api.w.org\/{rel}","templated":true}]}}