{"id":993,"date":"2022-08-29T15:44:15","date_gmt":"2022-08-29T13:44:15","guid":{"rendered":"https:\/\/enquetes.nature-occitanie.org\/tresors-jardins\/?page_id=993"},"modified":"2022-08-29T15:49:03","modified_gmt":"2022-08-29T13:49:03","slug":"construire-des-minis-ecosystemes","status":"publish","type":"page","link":"https:\/\/enquetes.nature-occitanie.org\/tresors-jardins\/construire-des-minis-ecosystemes\/","title":{"rendered":"Construire des minis-\u00e9cosyst\u00e8mes"},"content":{"rendered":"\n<ul><li><strong><a href=\"http:\/\/www.naturemp.org\/Amenager-une-mare-chez-soi.html\" target=\"_blank\" rel=\"noreferrer noopener\">Am\u00e9nager une mare dans son jardin<\/a><\/strong><\/li><\/ul>\n\n\n\n<ul><li><strong><a rel=\"noreferrer noopener\" href=\"http:\/\/www.jardinsdenoe.org\/installer-un-muret-de-pierres-seches\/\" target=\"_blank\">Construire un mur en pierres s\u00e8ches pour abriter la biodiversit\u00e9<\/a><\/strong><\/li><\/ul>\n\n\n\n<ul><li><strong><a href=\"https:\/\/www.pronatura.ch\/fr\/une-dune-de-sable-pour-les-abeilles-sauvages\" target=\"_blank\" rel=\"noreferrer noopener\">Am\u00e9nager une dune de sable pour les abeilles sauvages<\/a><\/strong><\/li><\/ul>\n\n\n\n<div style=\"height:100px\" aria-hidden=\"true\" class=\"wp-block-spacer\"><\/div>\n\n\n\n<div class=\"wp-block-buttons\">\n<div class=\"wp-block-button is-style-outline\"><a class=\"wp-block-button__link\" href=\"https:\/\/enquetes.nature-occitanie.org\/tresors-jardins\/3-agir\/\">Retour menu Agir<\/a><\/div>\n<\/div>\n","protected":false},"excerpt":{"rendered":"<p>Am\u00e9nager une mare dans son jardin Construire un mur en pierres s\u00e8ches pour abriter la biodiversit\u00e9 Am\u00e9nager une dune de sable pour les abeilles sauvages<\/p>\n","protected":false},"author":2,"featured_media":0,"parent":0,"menu_order":0,"comment_status":"closed","ping_status":"closed","template":"","meta":[],"_links":{"self":[{"href":"https:\/\/enquetes.nature-occitanie.org\/tresors-jardins\/wp-json\/wp\/v2\/pages\/993"}],"collection":[{"href":"https:\/\/enquetes.nature-occitanie.org\/tresors-jardins\/wp-json\/wp\/v2\/pages"}],"about":[{"href":"https:\/\/enquetes.nature-occitanie.org\/tresors-jardins\/wp-json\/wp\/v2\/types\/page"}],"author":[{"embeddable":true,"href":"https:\/\/enquetes.nature-occitanie.org\/tresors-jardins\/wp-json\/wp\/v2\/users\/2"}],"replies":[{"embeddable":true,"href":"https:\/\/enquetes.nature-occitanie.org\/tresors-jardins\/wp-json\/wp\/v2\/comments?post=993"}],"version-history":[{"count":4,"href":"https:\/\/enquetes.nature-occitanie.org\/tresors-jardins\/wp-json\/wp\/v2\/pages\/993\/revisions"}],"predecessor-version":[{"id":997,"href":"https:\/\/enquetes.nature-occitanie.org\/tresors-jardins\/wp-json\/wp\/v2\/pages\/993\/revisions\/997"}],"wp:attachment":[{"href":"https:\/\/enquetes.nature-occitanie.org\/tresors-jardins\/wp-json\/wp\/v2\/media?parent=993"}],"curies":[{"name":"wp","href":"https:\/\/api.w.org\/{rel}","templated":true}]}}